{"id":15183,"date":"2022-02-21T08:06:45","date_gmt":"2022-02-21T13:06:45","guid":{"rendered":"https:\/\/www.vivianabotero.com\/?page_id=15183"},"modified":"2022-02-26T09:33:41","modified_gmt":"2022-02-26T14:33:41","slug":"medidas","status":"publish","type":"page","link":"https:\/\/www.vivianabotero.com\/index.php\/elements\/medidas\/","title":{"rendered":"Medidas"},"content":{"rendered":"<div class=\"wpb-content-wrapper\"><p>[vc_row][vc_column][vc_custom_heading text=&#8221;Tabla de medidas&#8221; font_container=&#8221;tag:h4|font_size:40px|text_align:left|color:%23333333|line_height:64px&#8221; use_theme_fonts=&#8221;&#8221; google_fonts=&#8221;font_family:Work%20Sans%3A100%2C200%2C300%2Cregular%2C500%2C600%2C700%2C800%2C900|font_style:500%20medium%20regular%3A500%3Anormal&#8221;][vc_empty_space height=&#8221;20&#8243;][vc_tta_accordion c_icon=&#8221;&#8221; active_section=&#8221;1&#8243; collapsible_all=&#8221;true&#8221;][vc_tta_section title=&#8221;\u00bfC\u00f3mo medir?&#8221; tab_id=&#8221;q1&#8243;][vc_single_image image=&#8221;15195&#8243; img_size=&#8221;300&#215;400&#8243; style=&#8221;vc_box_shadow_border&#8221; onclick=&#8221;link_image&#8221;][vc_column_text]<strong>Con el fin de obtener la medida perfecta, a continuaci\u00f3n te vamos a orientar para seleccionar t\u00fa talla:<\/strong><\/p>\n<p>&nbsp;<\/p>\n<ul>\n<li><em>Aseg\u00farate de tomar tus medidas pasando la cinta m\u00e9trica sobre tu busto o cadera tal cual como lo indica la im\u00e1gen de referencia<\/em><\/li>\n<\/ul>\n<p>&nbsp;<\/p>\n<ul>\n<li><em>Aseg\u00farate que la cinta m\u00e9trica se sienta c\u00f3moda, ni muy suelta y mucho menos ajustad; Importante que no se retuerza en ning\u00fan momento<\/em><\/li>\n<\/ul>\n<p>&nbsp;<\/p>\n<ul>\n<li><em>Si tus medidas no son exactas (en la mayoria de los casos no lo ser\u00e1n), redondea hacia el n\u00famero inferior par m\u00e1s cercano.<br \/>\n<\/em><\/li>\n<\/ul>\n<p><strong>Busto \/ Pecho:<\/strong> Se recomienda al momento de tomar las medidas usar un sost\u00e9n no-acolchado, no-minimizante. Es importante mantener los brazos hacia abajo a mientras te mides. Mide sobre la parte m\u00e1s voluminosa de tu busto, cruzando la espalda y pasando por debajo de tus brazos.<\/p>\n<p>&nbsp;<\/p>\n<p><strong>Cintura:<\/strong> Inclinate hacia un costado e identifica la concavidad natural de tu torso, est\u00e1 ser\u00eda tu cintura. Pasa la cinta m\u00e9trica alrededor de ese punto identificado, cruzando por tu espalda.<\/p>\n<p>&nbsp;<\/p>\n<p><strong>Cadera<\/strong>: Estando erguida con los pies juntos en un piso uniforme pasa la cinta m\u00e9trica a trav\u00e9s de la parte m\u00e1s voluminosa de tus caderas y al rededor de tus gluteos.[\/vc_column_text][\/vc_tta_section][vc_tta_section title=&#8221;Tabla de medidas&#8221; tab_id=&#8221;1645483666434-1ea401ad-59c7&#8243;][vc_column_text][\/vc_column_text][\/vc_tta_section][\/vc_tta_accordion][vc_column_text][\/vc_column_text][\/vc_column][\/vc_row]<\/p>\n<\/div>","protected":false},"excerpt":{"rendered":"<p>[vc_row][vc_column][vc_custom_heading text=&#8221;Tabla de medidas&#8221; font_container=&#8221;tag:h4|font_size:40px|text_align:left|color:%23333333|line_height:64px&#8221; use_theme_fonts=&#8221;&#8221; google_fonts=&#8221;font_family:Work%20Sans%3A100%2C200%2C300%2Cregular%2C500%2C600%2C700%2C800%2C900|font_style:500%20medium%20regular%3A500%3Anormal&#8221;][vc_empty_space height=&#8221;20&#8243;][vc_tta_accordion c_icon=&#8221;&#8221; active_section=&#8221;1&#8243; collapsible_all=&#8221;true&#8221;][vc_tta_section title=&#8221;\u00bfC\u00f3mo medir?&#8221; tab_id=&#8221;q1&#8243;][vc_single_image image=&#8221;15195&#8243; img_size=&#8221;300&#215;400&#8243; style=&#8221;vc_box_shadow_border&#8221; onclick=&#8221;link_image&#8221;][vc_column_text]Con el fin de obtener la medida perfecta, a continuaci\u00f3n te vamos a orientar para seleccionar t\u00fa talla: &nbsp; Aseg\u00farate de tomar tus medidas pasando la cinta m\u00e9trica sobre tu busto o cadera tal cual como lo indica [&hellip;]<\/p>\n","protected":false},"author":1,"featured_media":0,"parent":174,"menu_order":0,"comment_status":"closed","ping_status":"closed","template":"","meta":{"footnotes":""},"class_list":["post-15183","page","type-page","status-publish","hentry"],"_links":{"self":[{"href":"https:\/\/www.vivianabotero.com\/index.php\/wp-json\/wp\/v2\/pages\/15183","targetHints":{"allow":["GET"]}}],"collection":[{"href":"https:\/\/www.vivianabotero.com\/index.php\/wp-json\/wp\/v2\/pages"}],"about":[{"href":"https:\/\/www.vivianabotero.com\/index.php\/wp-json\/wp\/v2\/types\/page"}],"author":[{"embeddable":true,"href":"https:\/\/www.vivianabotero.com\/index.php\/wp-json\/wp\/v2\/users\/1"}],"replies":[{"embeddable":true,"href":"https:\/\/www.vivianabotero.com\/index.php\/wp-json\/wp\/v2\/comments?post=15183"}],"version-history":[{"count":70,"href":"https:\/\/www.vivianabotero.com\/index.php\/wp-json\/wp\/v2\/pages\/15183\/revisions"}],"predecessor-version":[{"id":15260,"href":"https:\/\/www.vivianabotero.com\/index.php\/wp-json\/wp\/v2\/pages\/15183\/revisions\/15260"}],"up":[{"embeddable":true,"href":"https:\/\/www.vivianabotero.com\/index.php\/wp-json\/wp\/v2\/pages\/174"}],"wp:attachment":[{"href":"https:\/\/www.vivianabotero.com\/index.php\/wp-json\/wp\/v2\/media?parent=15183"}],"curies":[{"name":"wp","href":"https:\/\/api.w.org\/{rel}","templated":true}]}}